{"id":401,"date":"2020-02-26T18:15:03","date_gmt":"2020-02-26T17:15:03","guid":{"rendered":"http:\/\/www.sv-mellrichstadt.de\/wordpress\/?page_id=401"},"modified":"2024-03-11T22:57:55","modified_gmt":"2024-03-11T21:57:55","slug":"maennerchor","status":"publish","type":"page","link":"http:\/\/www.sv-mellrichstadt.de\/wordpress\/?page_id=401","title":{"rendered":"Projekt-M\u00e4nnerchor"},"content":{"rendered":"\n<figure class=\"wp-block-image size-large\"><a href=\"http:\/\/www.sv-mellrichstadt.de\/wordpress\/wp-content\/uploads\/2023\/02\/IMG_0287-scaled.jpg\"><img decoding=\"async\" loading=\"lazy\" width=\"1024\" height=\"683\" src=\"http:\/\/www.sv-mellrichstadt.de\/wordpress\/wp-content\/uploads\/2023\/02\/IMG_0287-1024x683.jpg\" alt=\"\" class=\"wp-image-719\" srcset=\"http:\/\/www.sv-mellrichstadt.de\/wordpress\/wp-content\/uploads\/2023\/02\/IMG_0287-1024x683.jpg 1024w, http:\/\/www.sv-mellrichstadt.de\/wordpress\/wp-content\/uploads\/2023\/02\/IMG_0287-300x200.jpg 300w, http:\/\/www.sv-mellrichstadt.de\/wordpress\/wp-content\/uploads\/2023\/02\/IMG_0287-768x512.jpg 768w, http:\/\/www.sv-mellrichstadt.de\/wordpress\/wp-content\/uploads\/2023\/02\/IMG_0287-1536x1024.jpg 1536w, http:\/\/www.sv-mellrichstadt.de\/wordpress\/wp-content\/uploads\/2023\/02\/IMG_0287-2048x1365.jpg 2048w, http:\/\/www.sv-mellrichstadt.de\/wordpress\/wp-content\/uploads\/2023\/02\/IMG_0287-450x300.jpg 450w\" sizes=\"(max-width: 1024px) 100vw, 1024px\" \/><\/a><figcaption class=\"wp-element-caption\">Der M\u00e4nnerchor EuMet bei der Jahreshauptversammlung im Oktober 2021 (Foto: Dr. Klaus Reder)<\/figcaption><\/figure>\n\n\n\n<p>Auf einem S\u00e4ngerabend in Hendungen hatten unsere zwei langj\u00e4hrigen Mits\u00e4nger Lothar Ress und Wolfgang Hippeli die Idee, eine sch\u00f6ne alte Tradition wieder aufleben zu lassen und einen M\u00e4nnerchor zu gr\u00fcnden. Leider gibt es in vielen Gemeinden wegen S\u00e4ngermangels keine M\u00e4nnerch\u00f6re mehr. Sie erkundigten sich zun\u00e4chst vornehmlich in Eu\u00dfenhausen und Mellrichstadt nach interessierten S\u00e4ngern. Heike Dankert wurde gefragt, ob sie den Chor dirigieren w\u00fcrde. Sie sagte zu und leitete den Chor bis sie den Taktstock im September 2021 aus beruflichen Gr\u00fcnden abgeben musste. Mit Albina Makiew konnte gl\u00fccklicherweise eine engagierte Nachfolgerin gefunden werden. Den ersten Auftritt absolvierte der Chor 2019 beim Ehrenabend des Eu\u00dfenh\u00e4user Gesangvereins. Es folgten weitere Auftritte auf Liederabenden, Festen und M\u00e4rkten.<\/p>\n\n\n\n<p>Der Projektchor mit dem Arbeitsnamen EU-MET (Namensvorschl\u00e4ge werden gerne noch entgegengenommen) besteht mittlerweile aus S\u00e4ngern aus Eu\u00dfenhausen, Mellrichstadt, Gollmuthausen, Filke, Willmars, Oberstreu und sogar aus dem th\u00fcringischen Henneberg. Ziel des Chores ist es, S\u00e4nger und Zuh\u00f6rer f\u00fcr den M\u00e4nnerchor zu begeistern. Eingeladen sind alle M\u00e4nner, die Freude am M\u00e4nnergesang haben.<\/p>\n\n\n\n<p>Geprobt wird nach Bedarf samstagvormittags von 10 bis 11.30 Uhr. Diese Probenzeit stellte sich als g\u00fcnstig heraus, da w\u00e4hrend der Woche viele S\u00e4nger in den Heimatch\u00f6ren singen.<\/p>\n\n\n\n<p>Ansprechpartner:<\/p>\n\n\n\n<p>Wolfgang Hippeli<\/p>\n\n\n\n<p>Mobil: 0175 \/ 85 95 737<\/p>\n\n\n\n<p>Email: w.hippeli@gmx.de<\/p>\n\n\n\n<figure class=\"wp-block-image\"><img alt=\"\"\/><\/figure>\n\n\n\n<p><\/p>\n\n\n\n<p><\/p>\n\n\n\n<p><\/p>\n","protected":false},"excerpt":{"rendered":"<p>Auf einem S\u00e4ngerabend in Hendungen hatten unsere zwei langj\u00e4hrigen Mits\u00e4nger Lothar Ress und Wolfgang Hippeli die Idee, eine sch\u00f6ne alte Tradition wieder aufleben zu lassen und einen M\u00e4nnerchor zu gr\u00fcnden. Leider gibt es in vielen Gemeinden wegen S\u00e4ngermangels keine M\u00e4nnerch\u00f6re &hellip; <a href=\"http:\/\/www.sv-mellrichstadt.de\/wordpress\/?page_id=401\">Weiterlesen <span class=\"meta-nav\">&rarr;<\/span><\/a><\/p>\n","protected":false},"author":1,"featured_media":0,"parent":20,"menu_order":2,"comment_status":"closed","ping_status":"closed","template":"","meta":[],"_links":{"self":[{"href":"http:\/\/www.sv-mellrichstadt.de\/wordpress\/index.php?rest_route=\/wp\/v2\/pages\/401"}],"collection":[{"href":"http:\/\/www.sv-mellrichstadt.de\/wordpress\/index.php?rest_route=\/wp\/v2\/pages"}],"about":[{"href":"http:\/\/www.sv-mellrichstadt.de\/wordpress\/index.php?rest_route=\/wp\/v2\/types\/page"}],"author":[{"embeddable":true,"href":"http:\/\/www.sv-mellrichstadt.de\/wordpress\/index.php?rest_route=\/wp\/v2\/users\/1"}],"replies":[{"embeddable":true,"href":"http:\/\/www.sv-mellrichstadt.de\/wordpress\/index.php?rest_route=%2Fwp%2Fv2%2Fcomments&post=401"}],"version-history":[{"count":10,"href":"http:\/\/www.sv-mellrichstadt.de\/wordpress\/index.php?rest_route=\/wp\/v2\/pages\/401\/revisions"}],"predecessor-version":[{"id":882,"href":"http:\/\/www.sv-mellrichstadt.de\/wordpress\/index.php?rest_route=\/wp\/v2\/pages\/401\/revisions\/882"}],"up":[{"embeddable":true,"href":"http:\/\/www.sv-mellrichstadt.de\/wordpress\/index.php?rest_route=\/wp\/v2\/pages\/20"}],"wp:attachment":[{"href":"http:\/\/www.sv-mellrichstadt.de\/wordpress\/index.php?rest_route=%2Fwp%2Fv2%2Fmedia&parent=401"}],"curies":[{"name":"wp","href":"https:\/\/api.w.org\/{rel}","templated":true}]}}

Projekt-Männerchor

<figure class="wp-block-image size-large"><a href="http://www.sv-mellrichstadt.de/wordpress/wp-content/uploads/2023/02/IMG_0287-scaled.jpg"><img decoding="async" loading="lazy" width="1024" height="683" src="http://www.sv-mellrichstadt.de/wordpress/wp-content/uploads/2023/02/IMG_0287-1024x683.jpg" alt="" class="wp-image-719" srcset="http://www.sv-mellrichstadt.de/wordpress/wp-content/uploads/2023/02/IMG_0287-1024x683.jpg 1024w, http://www.sv-mellrichstadt.de/wordpress/wp-content/uploads/2023/02/IMG_0287-300x200.jpg 300w, http://www.sv-mellrichstadt.de/wordpress/wp-content/uploads/2023/02/IMG_0287-768x512.jpg 768w, http://www.sv-mellrichstadt.de/wordpress/wp-content/uploads/2023/02/IMG_0287-1536x1024.jpg 1536w, http://www.sv-mellrichstadt.de/wordpress/wp-content/uploads/2023/02/IMG_0287-2048x1365.jpg 2048w, http://www.sv-mellrichstadt.de/wordpress/wp-content/uploads/2023/02/IMG_0287-450x300.jpg 450w" sizes="(max-width: 1024px) 100vw, 1024px" /></a><figcaption class="wp-element-caption">Der Männerchor EuMet bei der Jahreshauptversammlung im Oktober 2021 (Foto: Dr. Klaus Reder)</figcaption></figure>



<p>Auf einem Sängerabend in Hendungen hatten unsere zwei langjährigen Mitsänger Lothar Ress und Wolfgang Hippeli die Idee, eine schöne alte Tradition wieder aufleben zu lassen und einen Männerchor zu gründen. Leider gibt es in vielen Gemeinden wegen Sängermangels keine Männerchöre mehr. Sie erkundigten sich zunächst vornehmlich in Eußenhausen und Mellrichstadt nach interessierten Sängern. Heike Dankert wurde gefragt, ob sie den Chor dirigieren würde. Sie sagte zu und leitete den Chor bis sie den Taktstock im September 2021 aus beruflichen Gründen abgeben musste. Mit Albina Makiew konnte glücklicherweise eine engagierte Nachfolgerin gefunden werden. Den ersten Auftritt absolvierte der Chor 2019 beim Ehrenabend des Eußenhäuser Gesangvereins. Es folgten weitere Auftritte auf Liederabenden, Festen und Märkten.</p>



<p>Der Projektchor mit dem Arbeitsnamen EU-MET (Namensvorschläge werden gerne noch entgegengenommen) besteht mittlerweile aus Sängern aus Eußenhausen, Mellrichstadt, Gollmuthausen, Filke, Willmars, Oberstreu und sogar aus dem thüringischen Henneberg. Ziel des Chores ist es, Sänger und Zuhörer für den Männerchor zu begeistern. Eingeladen sind alle Männer, die Freude am Männergesang haben.</p>



<p>Geprobt wird nach Bedarf samstagvormittags von 10 bis 11.30 Uhr. Diese Probenzeit stellte sich als günstig heraus, da während der Woche viele Sänger in den Heimatchören singen.</p>



<p>Ansprechpartner:</p>



<p>Wolfgang Hippeli</p>



<p>Mobil: 0175 / 85 95 737</p>



<p>Email: w.hippeli@gmx.de</p>



<figure class="wp-block-image"><img alt=""/></figure>



<p></p>



<p></p>



<p></p>

<p>Auf einem Sängerabend in Hendungen hatten unsere zwei langjährigen Mitsänger Lothar Ress und Wolfgang Hippeli die Idee, eine schöne alte Tradition wieder aufleben zu lassen und einen Männerchor zu gründen. Leider gibt es in vielen Gemeinden wegen Sängermangels keine Männerchöre &hellip; <a href="http://www.sv-mellrichstadt.de/wordpress/?page_id=401">Weiterlesen <span class="meta-nav">&rarr;</span></a></p>
